13. What is the highest common factor of z and 980?
20
Suppose -6*p + 129 = -2*w - 1363, 5*p + 5*w - 1210 = 0. What is the highest common divisor of 1007 and p?
19
Let y = -1279 + 1360. What is the greatest common factor of y and 243?
81
Let b = -110 - -118. Suppose b = 886*r - 885*r. Let h(u) = -u - 1. Let d be h(-2). What is the highest common factor of d and r?
1
Let d(v) = 4*v**2 + 742*v + 4420. Let a be d(-6). Calculate the highest common divisor of a and 8176.
112
Let i(v) be the third derivative of -v**4/4 - 3*v**3/2 - 22*v**2. Let j be i(-3). Let g = 31 - 13. What is the greatest common factor of g and j?
9
Let t(y) = 5*y**2 - 102. Let r be t(19). Suppose f + 1266 + 467 = 3*v, -r = -3*v - 5*f. What is the highest common factor of 64 and v?
64
Let p(i) = -8*i**3 - i**2 + 2*i. Let r be p(1). Let z(k) = 4*k + 41. Let c be z(r). Suppose 0 = -s + 7 + c. What is the highest common divisor of 30 and s?
10
Let n be (900/(-2))/6*2. Let f = n - -216. What is the greatest common factor of f and 88?
22
Suppose -11*h - 40 = -3*h, 2*c = -3*h + 6297. Calculate the highest common factor of 24 and c.
12
Suppose -2*z = -3*z. Suppose z = -4*d + 5*d - 52. Let b be 22 + (15 - (16 - -5)) + -12. Calculate the highest common divisor of b and d.
4
Let w be 4/30 + (-1364)/330 + 4. Suppose -s - 3*a + 36 = 0, -a + w*a = 4. What is the highest common factor of s and 144?
48
Suppose 2*l = -5*x + 6*x - 144, -3*x + 3*l + 432 = 0. Suppose 0 = o - 2*r - x, 17 - 140 = -o - 5*r. Calculate the greatest common factor of 184 and o.
46
Suppose 3*d + c = 676, 5*c - 385 = -2*d + 70. Suppose 6*z - 15 = -5*o + 4*z, -35*o - 3*z + 270 = 0. What is the greatest common divisor of d and o?
9
Suppose 4*b + 26374 = 5*x, 70*x + b = 69*x + 5264. What is the greatest common divisor of 340 and x?
170
Let b(v) = -93*v**3 - 2*v**2 - 3*v - 2. Let n be b(-1). Let o = n + -92. Suppose -6*q - 9 + 81 = o. Calculate the greatest common divisor of q and 9.
3
Suppose 18*g - 437917 - 889601 = 434268. Calculate the highest common divisor of 13 and g.
13
Suppose 123 = 2*j + 3*w, 5*w + 1419 = j + 1377. Let p be (2/(-4))/(-1)*76. Calculate the greatest common factor of p and j.
19
Let y = -891 + 549. Let l be 5 + 15/(-5) - (y - -4). Calculate the highest common factor of l and 40.
20
Let t(z) = 3*z**3 + z**2 + 2*z + 1. Let a be 0 + 3 + -3 + 2 + 0. Let h be t(a). Let r = h + 3. Calculate the highest common factor of r and 36.
36
Let i(v) = -4876*v - 2494. Let h be i(-2). What is the highest common factor of h and 76?
38
Let a(w) = -2171*w + 4373. Let j be a(2). What is the highest common divisor of j and 10447?
31
Suppose 0 = 4*a - 4*r - 36, 4*r = 5*a + 64 - 110. Calculate the highest common divisor of a and 11810.
10
Suppose 0 = 3*p + 2*p - 105. What is the highest common divisor of p and 177?
3
Suppose 0 = 4*q + y - 1889, -8*q + 4*q + 7*y + 1881 = 0. Let x = -442 + q. What is the greatest common divisor of 720 and x?
30
Let p(s) = 8*s + 103. Let x be p(-10). Suppose 3*o + 81 = 2*g, 3*g - 26*o + x*o - 123 = 0. Calculate the highest common divisor of 399 and g.
21
Let a(k) = k**2 + 113*k + 999. Let q be a(-108). Calculate the highest common divisor of 493 and q.
17
Let s be 105/(-30)*1*-4. Let j(q) = 7*q - 3. Let r be j(1). Suppose 0 = r*d - 10 - 130. What is the highest common factor of d and s?
7
Suppose 0 = -18*y + 314 + 244. Suppose -57 = 12*f - 31*f. What is the highest common divisor of y and f?
1
Let n(f) = -139*f - 6. Let c be n(-4). Let w be (-2)/((-5)/(c/4)). Suppose 20*o = 2*l + 18*o, -2*l + o + 5 = 0. What is the greatest common divisor of l and w?
5
Suppose 2*n + 4*t = 24, -8 = n - 2*t - t. Suppose 4*i - 56 = n*z, -z - 1 = 1. Let k = 187 + -127. What is the greatest common divisor of i and k?
12
Let r = 140 - 134. Suppose j = 3*p + 49, 2*j = -p + r*p + 103. Calculate the greatest common factor of 4 and j.
4
Let r be ((-6)/6)/((-2)/4). Let x be ((-63)/210)/(42/(-1400)). Calculate the highest common divisor of x and r.
2
Suppose x = z + 13, 5*x - 2*z - 75 = z. Suppose 980 = 23*p - 19*p + 66*p. What is the greatest common factor of x and p?
2
Suppose -1 = a - 5. Suppose -20*x + 858 = 6*x. Suppose -7 + 13 = 3*n + 4*y, -5*n + y + x = 0. What is the highest common divisor of a and n?
2
Let f(z) = z**3 - 12*z**2 - 96*z + 741. Let n be f(45). What is the greatest common factor of n and 254?
254
Suppose -7 = -5*d + 4*d. Let t(z) = z + 7. Let l be t(d). Let s(q) = -5*q**2 + 81*q + 8. Let p be s(15). Calculate the highest common divisor of p and l.
14
Suppose -2*x + 40*x + 28*x - 5280 = 0. Calculate the greatest common factor of x and 160.
80
Let c(x) = 4*x**3 + 15*x**3 + 42*x**2 - 21*x**3 + 3*x - 3*x**3 + 7. Let a be c(7). Calculate the greatest common factor of 159 and a.
53
Suppose 13*b - 19 - 46 = 0. Suppose b*i + 3*i = 832. What is the greatest common factor of i and 26?
26
Let r(o) be the first derivative of -o**4/2 + 25*o**3/3 - 27*o**2/2 - 9*o - 17. Let u be r(11). What is the greatest common factor of u and 171?
57
Let f = 1336 - 1287. What is the highest common factor of f and 3577?
49
Suppose y + 3*r - r + 8 = 0, 3*r + 15 = 0. Let x(l) be the first derivative of 2*l**2 + 6*l - 32. Let o be x(3). What is the highest common factor of o and y?
2
Let s(f) = -812*f + 7370. Let i be s(5). Calculate the highest common divisor of 20 and i.
10
Let x be (-1)/3 + 3710/105. Suppose x*g = 39*g - 192. What is the highest common factor of g and 132?
12
Let a be 2/((-9)/(252*-49)). Calculate the greatest common divisor of 8 and a.
8
Suppose -b = -572*v + 573*v - 46, -34 = -v - 4*b. Calculate the highest common factor of 3570 and v.
10
Suppose 5*r = -2*x + 467, r + 1308 - 127 = 5*x. Suppose -49*g - 18*g = 7*g - 296. What is the highest common divisor of g and x?
4
Let t(c) = 54*c**2 + c - 3. Let o be t(-2). Let m = o + -151. What is the highest common factor of m and 84?
12
Suppose 3*c - 100 - 53 = 0. Suppose 5*o - 3*y = c, 2*o + 4*y - 3*y - 27 = 0. What is the greatest common factor of 132 and o?
12
Let w(s) = -2*s**2 + 11*s - 1. Suppose -153 + 173 = 5*o. Let j be w(o). What is the highest common divisor of j and 88?
11
Suppose 0 = 3*y - 5*b - 21, y + 2 = -2*b - 2. Suppose 3*z - y*l = 722, 2*z + 19*l - 18*l - 493 = 0. Calculate the greatest common divisor of z and 61.
61
Suppose -5*k + 18 = -17. Suppose -1 = -2*f + k. Suppose 5 = 2*i + o, 2*o = i + f + 1. Calculate the highest common divisor of 2 and i.
1
Suppose 14*a - 90751 = -88609. What is the highest common divisor of a and 1309?
17
Let z = -3045 - -3165. Calculate the greatest common factor of 1620 and z.
60
Let y(x) be the third derivative of 11*x**4/24 - 67*x**3/6 + 13*x**2. Let w be y(13). Let t = w - -144. Calculate the greatest common divisor of t and 20.
20
Let x(v) = -v**2 - 3*v + 15. Let d be x(-6). Let p be d/(-5) + 1425/125. Let m = -26 - -62. Calculate the greatest common factor of m and p.
12
Let o = 2816 + -2700. Suppose 153 = b + 8. What is the greatest common divisor of b and o?
29
Let f be 1132/40*1 - (-102)/(-340). Calculate the highest common divisor of f and 1792.
28
Suppose -3*j + 4*j - 125 = 0. Let v = 136 - 61. Calculate the greatest common factor of v and j.
25
Suppose -148 - 92 = -8*l. Suppose l = 13*w - 3*w. Suppose -w*o - 684 = -7*o. What is the highest common factor of o and 19?
19
Let k(n) = 2*n - 6. Let m be k(5). Let z be m/((-58)/60 + 1). Suppose -2*g + 30 = 3*o, 3*o + 4655 = 3*g + 4565. What is the highest common factor of g and z?
24
Let q be (-18)/(-30) - (-154)/10. What is the highest common factor of q and 5488?
16
Suppose 313*b + 234 = 319*b. Suppose l + b = 4*k, 28 = 39*k - 36*k - 2*l. What is the greatest common divisor of k and 6?
2
Let n be (-2)/19 - 16/(-152). Suppose n = r - 1 - 111. Let g = -31 - -47. What is the highest common factor of r and g?
16
Suppose -4*i - 507 = -815. Suppose 2*q - i = -3*g, 7*g = 11*g - 5*q - 72. What is the greatest common factor of g and 2?
1
Suppose -72*r + 71*r + 2494 = 6*y, -4*r - 5*y + 10033 = 0. Calculate the highest common factor of r and 1413.
157
Suppose w + 19 = -0*w + 5*r, 0 = 4*w - 3*r + 25. Let d(y) = -32*y - 43. Let s be d(w). Suppose t = -2*t + 102. What is the highest common factor of s and t?
17
Let p = 10 - -41. Let g = -44 + p. Let h = 67 - -24. Calculate the